, what is -801b - 0?
-801b
In base 12, what is 8 - -20083?
2008b
In base 14, what is -47124 - b?
-47131
In base 8, what is 32051 + -4?
32045
In base 8, what is 2513230 + -3?
2513225
In base 15, what is 28 - 61?
-38
In base 15, what is 2b + 1b813?
1b83e
In base 8, what is 1170513 - -3?
1170516
In base 16, what is -2 + 16b00?
16afe
In base 14, what is -60160 - -4?
-6015a
In base 6, what is -102 - -5043?
4541
In base 7, what is -2216 + 544?
-1342
In base 3, what is -121 + 10010200?
10010002
In base 3, what is -100210120100 + 12?
-100210120011
In base 11, what is -4846 - -27?
-481a
In base 9, what is 158373 - 2?
158371
In base 2, what is -11100000 + -1000110?
-100100110
In base 4, what is 101023333 - 3?
101023330
In base 14, what is -21b - 16?
-233
In base 2, what is 110 - 1100001110001101?
-1100001110000111
In base 6, what is -4 + 254014?
254010
In base 10, what is -7 + -154451?
-154458
In base 5, what is -10103 - 13?
-10121
In base 15, what is -57 - -836?
7ce
In base 3, what is 10 + 11200012?
11200022
In base 14, what is -142c + 5a5?
-c67
In base 7, what is -242 + -204?
-446
In base 11, what is 763664 + -4?
763660
In base 7, what is -3 - 56363?
-56366
In base 14, what is 1cd1c - -9?
1cd27
In base 11, what is 9550 + -5?
9546
In base 12, what is 3b - 114b?
-1110
In base 11, what is -206 + 66?
-150
In base 10, what is -2 - -24133?
24131
In base 4, what is -1312 + -10003231?
-10011203
In base 7, what is -645065 + 3?
-645062
In base 2, what is -10 + 1010000110101110?
1010000110101100
In base 15, what is 1 + 8bed4?
8bed5
In base 15, what is 11ee + 19?
1218
In base 10, what is 447341 - -1?
447342
In base 13, what is -5312 - -4?
-530b
In base 9, what is -1744084 - 3?
-1744087
In base 7, what is 224335 - 10?
224325
In base 3, what is 22100 - -1112120?
1211220
In base 14, what is -59 + a06?
98b
In base 5, what is -10 + 41142103?
41142043
In base 6, what is 1222 + 4544?
10210
In base 3, what is -2 - -222110212201?
222110212122
In base 10, what is 0 - 157988?
-157988
In base 4, what is 211 - -1131?
2002
In base 7, what is 1155 + 1511?
2666
In base 13, what is 39 - -88a?
8c6
In base 16, what is -ad54 + 10?
-ad44
In base 9, what is 28033 + -23?
28010
In base 12, what is 1 - -289b?
28a0
In base 14, what is 2a4 - -19?
2bd
In base 16, what is -3 + -2feb8?
-2febb
In base 12, what is -19b3a2 - -3?
-19b39b
In base 15, what is -257ba - -2?
-257b8
In base 12, what is a49 - b?
a3a
In base 12, what is -7475 - -8?
-7469
In base 12, what is 66a + 1?
66b
In base 2, what is 100001111100010010 - 100?
100001111100001110
In base 5, what is 44014121 - -4?
44014130
In base 10, what is 369 - 18?
351
In base 7, what is 0 + -1050326?
-1050326
In base 7, what is 5 + -46115?
-46110
In base 10, what is -4 - 48378?
-48382
In base 16, what is -2 + -52b?
-52d
In base 4, what is -32320 + -1303?
-100223
In base 4, what is 11012 + -21002?
-3330
In base 3, what is 2 + 212021210220?
212021210222
In base 5, what is -120403 - -242?
-120111
In base 12, what is 644 + 45?
689
In base 13, what is -2 - -1a809b?
1a8099
In base 8, what is 325013 - -14?
325027
In base 10, what is 4 + -94913?
-94909
In base 12, what is 64589b + -5?
645896
In base 12, what is -2 + -8985?
-8987
In base 11, what is -34478 - -3?
-34475
In base 6, what is 31213 - -20?
31233
In base 12, what is -7b63 - 3?
-7b66
In base 10, what is 1000 + -403?
597
In base 13, what is -a5b11 + -a?
-a5b1b
In base 4, what is 123130 + 11?
123201
In base 10, what is 1 - 7698?
-7697
In base 2, what is 110 + -1010010101100001?
-1010010101011011
In base 15, what is 5 - -54?
59
In base 6, what is 1152 + 1221?
2413
In base 5, what is -2123 + -13013?
-20141
In base 6, what is -313411 + -10?
-313421
In base 15, what is 4 + -110c4?
-110c0
In base 16, what is -2 - 6453?
-6455
In base 11, what is 92378 - 1?
92377
In base 4, what is -102013 - 11212?
-113231
In base 15, what is 1186b - -3?
1186e
In base 9, what is 1 + 10851?
10852
In base 10, what is 22668 - 7?
22661
In base 7, what is -25 + 11340?
11312
In base 8, what is 737 - -266?
1225
In base 7, what is -15361423 + -1?
-15361424
In base 4, what is 220211021 - 2?
220211013
In base 4, what is 1000031 - -21?
1000112
In base 7, what is 5 - -115150?
115155
In base 14, what is -5 - 18c?
-193
In base 15, what is e + 137?
146
In base 13, what is 182 + -205c?
-1baa
In base 13, what is 80986 + 2?
80988
In base 11, what is -60a72 - 3?
-60a75
In base 8, what is 35 + 101?
136
In base 5, what is -3 + 11340?
11332
In base 5, what is -21020 - 2401?
-23421
In base 4, what is -33322000 + -3?
-33322003
In base 8, what is -224 + -5103?
-5327
In base 8, what is 65607 + 0?
65607
In base 5, what is 240312131 - 4?
240312122
In base 14, what is -272a + 190?
-257a
In base 13, what is 52434 - -47?
5247b
In base 8, what is -45 - 1364?
-1431
In base 5, what is 2 + 24441042?
24441044
In base 7, what is -2450 + 6553?
4103
In base 7, what is -5161 - 12?
-5203
In base 5, what is 3 + 231433?
231441
In base 11, what is 1 - -168317?
168318
In base 11, what is 133 + 711?
844
In base 11, what is -a - -14760?
14751
In base 10, what is 13 + -6825?
-6812
In base 13, what is 533424 - -5?
533429
In base 10, what is 98 - 2496?
-2398
In base 10, what is 2949 - -141?
3090
In base 11, what is -2379 + 8?
-2371
In base 13, what is 85a + -161?
6c9
In base 12, what is -3a4b + 5?
-3a46
In base 2, what is -1100 + 111001111011000?
111001111001100
In base 12, what is 3 + -2662a?
-26627
In base 11, what is -274613 + -5?
-274618
In base 16, what is -4 + d321?
d31d
In base 9, what is 46 + 26?
73
In base 6, what is 2 - 34354?
-34352
In base 2, what is 1010000010100110 - 100?
1010000010100010
In base 9, what is 107 + 17701?
17808
In base 9, what is 46 + -2673?
-2626
In base 15, what is 15468 - 5?
15463
In base 14, what is -2d3 - 132?
-425
In base 12, what is 0 - -2805?
2805
In base 10, what is 4657 + -1?
4656
In base 8, what is -102575 - -2?
-102573
In base 11, what is -2057 - 8?
-2064
In base 7, what is 2 - -1355?
1360
In base 12, what is -7b - 987?
-a46
In base 16, what is 835 - a61?
-22c
In base 7, what is 206213 - 5?
206205
In base 12, what is -289527 + -1?
-289528
In base 4, what is -23 - -320132?
320103
In base 15, what is 3692 - 58?
3639
In base 16, what is -b - -1daf0?
1dae5
In base 3, what is -10210021120221 - -1?
-10210021120220
In base 12, what is -2376 + 7?
-236b
In base 9, what is -2223 + 1003?
-1220
In base 9, what is 15 - 5723?
-5707
In base 15, what is -2 + 36588?
36586
In base 12, what is -489 - -285?
-204
In base 11, what is -75 - 81?
-146
In base 10, what is 35 - -82941?
82976
In base 10, what is -128 + -533?
-661
In base 11, what is -44961 + 5?
-44957
In base 13, what is 526 - -3a3?
8c9
In base 8, what is -20025 - -1422?
-16403
In base 7, what is -10 + -2050455?
-2050465
In base 12, what is 3408 + -83?
3345
In base 10, what is 120 + 493?
613
In base 9, what is 10 - 604?
-584
In base 14, what is -1d7 + 62?
-175
In base 10, what is 228792 + 0?
228792
In base 5, what is 3 + 1144242?
1144300
In base 4, what is 2302 - -130?
3032
In base 12, what is 2687 - 26?
2661
In base 9, what is 148581 + 40?
148631
In base 4, what is 2030 - 32?
1332
In base 11, what is -2512 - 0?
-2512
In base 10, what is -174 - -65?
-109
In base 8, what is -1 - 414?
-415
In base 12, what is 4 + a496?
a49a
In base 2, what is 11010000011000 + -101000?
11001111110000
In base 2, what is 1000111011100011011 - -1?
1000111011100011100
In base 5, what is -34011 + -211?
-34222
In base 6, what is 5 - 520320?
-520311
In base 16, what is 7 - b0?
-a9
In base 13, what is -50 + 189a?
184a
In base 13, what is -1c0 - -44?
-179
In base 7, what is 416005 + -1?
416004
In base 15, what is aa83 - 9?
aa79
In base 16, what is -3ba1 + -1f?
-3bc0
In base 15, what is 9 - 1cdb?
-1cd2
In base 5, what is 3 + -4221033?
-4221030
In base 11, what is -5130 + 55?
-5086
In base 14, what is -d - -4776?
4767
In base 11, what is -5 + -1848a8?
-184902
In base 14, what is -174109 + 5?
-174104
In base 9, what is -4 - -782?
777
In base 3, what is -2000 - 202212?
-211212
In base 5, what is 11332031 - 4?
11332022
In base 15, what is -32 - 5?
-37
In base 7, what is -13235 + 25?
-13210
In base 4, what is 11012303 + -101?
11012202
In base 3, what is -1111101212101 - 11?
-1111101212112
In base 3, what is -221212112 - -